{"id":431,"date":"2026-03-03T14:46:00","date_gmt":"2026-03-03T13:46:00","guid":{"rendered":"https:\/\/vitrine-phenix-staging.aviasurvey.com\/?page_id=431"},"modified":"2026-04-07T22:57:09","modified_gmt":"2026-04-07T20:57:09","slug":"ncc","status":"publish","type":"page","link":"https:\/\/www.phenix-aviation.com\/?page_id=431","title":{"rendered":"NCC"},"content":{"rendered":"\n<p style=\"padding-top:var(--wp--preset--spacing--50);padding-bottom:var(--wp--preset--spacing--50)\"><\/p>\n\n\n\n<div class=\"wp-block-cover alignfull is-light\" style=\"min-height:20em;aspect-ratio:unset;\"><img loading=\"lazy\" decoding=\"async\" width=\"2560\" height=\"1345\" class=\"wp-block-cover__image-background wp-image-58 size-full\" alt=\"\" src=\"https:\/\/www.phenix-aviation.com\/wp-content\/uploads\/2026\/02\/IMG_0109-scaled.jpg\" style=\"object-position:57% 54%\" data-object-fit=\"cover\" data-object-position=\"57% 54%\" srcset=\"https:\/\/www.phenix-aviation.com\/wp-content\/uploads\/2026\/02\/IMG_0109-scaled.jpg 2560w, https:\/\/www.phenix-aviation.com\/wp-content\/uploads\/2026\/02\/IMG_0109-300x158.jpg 300w, https:\/\/www.phenix-aviation.com\/wp-content\/uploads\/2026\/02\/IMG_0109-1024x538.jpg 1024w, https:\/\/www.phenix-aviation.com\/wp-content\/uploads\/2026\/02\/IMG_0109-768x403.jpg 768w, https:\/\/www.phenix-aviation.com\/wp-content\/uploads\/2026\/02\/IMG_0109-1536x807.jpg 1536w, https:\/\/www.phenix-aviation.com\/wp-content\/uploads\/2026\/02\/IMG_0109-2048x1076.jpg 2048w\" sizes=\"auto, (max-width: 2560px) 100vw, 2560px\" \/><span aria-hidden=\"true\" class=\"wp-block-cover__background has-background-dim\" style=\"background-color:#8b8887\"><\/span><div class=\"wp-block-cover__inner-container is-layout-constrained wp-block-cover-is-layout-constrained\">\n<p class=\"has-text-align-center has-ast-global-color-2-color has-text-color has-link-color has-large-font-size wp-elements-fa6f44a3106ead5f5317b3279912626a\"><strong>Exploitation NCC<\/strong><\/p>\n<\/div><\/div>\n\n\n\n<p><\/p>\n\n\n\n<div class=\"wp-block-group alignfull is-layout-constrained wp-block-group-is-layout-constrained\" style=\"padding-top:var(--wp--preset--spacing--50);padding-bottom:var(--wp--preset--spacing--50)\">\n<div class=\"wp-block-media-text alignwide is-stacked-on-mobile is-vertically-aligned-center is-image-fill-element\" style=\"margin-top:var(--wp--preset--spacing--80);margin-right:0;margin-bottom:var(--wp--preset--spacing--80);margin-left:0;padding-top:0;padding-right:0;padding-bottom:0;padding-left:0;grid-template-columns:35% auto\"><figure class=\"wp-block-media-text__media\"><img loading=\"lazy\" decoding=\"async\" width=\"1024\" height=\"682\" src=\"https:\/\/www.phenix-aviation.com\/wp-content\/uploads\/2026\/04\/4169-1024x682.jpg\" alt=\"\" class=\"wp-image-1015 size-large\" style=\"object-position:50% 50%\" srcset=\"https:\/\/www.phenix-aviation.com\/wp-content\/uploads\/2026\/04\/4169-1024x682.jpg 1024w, https:\/\/www.phenix-aviation.com\/wp-content\/uploads\/2026\/04\/4169-300x200.jpg 300w, https:\/\/www.phenix-aviation.com\/wp-content\/uploads\/2026\/04\/4169-768x512.jpg 768w, https:\/\/www.phenix-aviation.com\/wp-content\/uploads\/2026\/04\/4169-1536x1024.jpg 1536w, https:\/\/www.phenix-aviation.com\/wp-content\/uploads\/2026\/04\/4169.jpg 2000w\" sizes=\"auto, (max-width: 1024px) 100vw, 1024px\" \/><\/figure><div class=\"wp-block-media-text__content\">\n<div class=\"wp-block-group alignwide is-vertical is-content-justification-left is-layout-flex wp-container-core-group-is-layout-0c39fd5e wp-block-group-is-layout-flex\">\n<h4 class=\"wp-block-heading wp-container-content-dc435e0d\"><strong><strong>Excellence r\u00e9glementaire <\/strong><\/strong><\/h4>\n\n\n\n<p class=\"has-text-align-left wp-container-content-958eb9dc\">Nous accompagnons les exploitants NCC dans la ma\u00eetrise des exigences EASA, en apportant une expertise d\u00e9di\u00e9e \u00e0 l\u2019aviation d\u2019affaires. Notre approche sur mesure garantit une exploitation conforme, fluide et align\u00e9e avec les standards les plus \u00e9lev\u00e9s du secteur.<\/p>\n<\/div>\n<\/div><\/div>\n\n\n\n<div class=\"wp-block-media-text alignwide has-media-on-the-right is-stacked-on-mobile is-vertically-aligned-center is-image-fill-element\" style=\"margin-top:var(--wp--preset--spacing--80);margin-bottom:var(--wp--preset--spacing--80);padding-top:0;padding-bottom:0;grid-template-columns:auto 35%\"><div class=\"wp-block-media-text__content\">\n<div class=\"wp-block-group alignwide is-vertical is-layout-flex wp-container-core-group-is-layout-e1300cac wp-block-group-is-layout-flex\">\n<h4 class=\"wp-block-heading has-text-align-left wp-container-content-dc435e0d\"><strong><strong>S\u00e9curit\u00e9 des vols<\/strong><\/strong><\/h4>\n\n\n\n<p class=\"has-text-align-left\">Nous d\u00e9veloppons et maintenons des Syst\u00e8mes de Gestion de la S\u00e9curit\u00e9 (SMS) adapt\u00e9s aux enjeux sp\u00e9cifiques de l\u2019aviation d\u2019affaires. En int\u00e9grant la s\u00e9curit\u00e9 comme un pilier strat\u00e9gique, nous contribuons \u00e0 des op\u00e9rations fiables, ma\u00eetris\u00e9es et durables.<\/p>\n<\/div>\n<\/div><figure class=\"wp-block-media-text__media\"><img loading=\"lazy\" decoding=\"async\" width=\"1024\" height=\"682\" src=\"https:\/\/www.phenix-aviation.com\/wp-content\/uploads\/2026\/03\/52-1024x682.jpg\" alt=\"\" class=\"wp-image-877 size-large\" style=\"object-position:50% 50%\" srcset=\"https:\/\/www.phenix-aviation.com\/wp-content\/uploads\/2026\/03\/52-1024x682.jpg 1024w, https:\/\/www.phenix-aviation.com\/wp-content\/uploads\/2026\/03\/52-300x200.jpg 300w, https:\/\/www.phenix-aviation.com\/wp-content\/uploads\/2026\/03\/52-768x512.jpg 768w, https:\/\/www.phenix-aviation.com\/wp-content\/uploads\/2026\/03\/52-1536x1024.jpg 1536w, https:\/\/www.phenix-aviation.com\/wp-content\/uploads\/2026\/03\/52.jpg 2000w\" sizes=\"auto, (max-width: 1024px) 100vw, 1024px\" \/><\/figure><\/div>\n\n\n\n<div class=\"wp-block-media-text alignwide is-stacked-on-mobile is-vertically-aligned-center is-image-fill-element\" style=\"margin-top:var(--wp--preset--spacing--80);margin-bottom:var(--wp--preset--spacing--80);padding-top:0;padding-bottom:0;grid-template-columns:35% auto\"><figure class=\"wp-block-media-text__media\"><img loading=\"lazy\" decoding=\"async\" width=\"1024\" height=\"682\" src=\"https:\/\/www.phenix-aviation.com\/wp-content\/uploads\/2026\/03\/2231-1024x682.jpg\" alt=\"\" class=\"wp-image-875 size-large\" style=\"object-position:50% 50%\" srcset=\"https:\/\/www.phenix-aviation.com\/wp-content\/uploads\/2026\/03\/2231-1024x682.jpg 1024w, https:\/\/www.phenix-aviation.com\/wp-content\/uploads\/2026\/03\/2231-300x200.jpg 300w, https:\/\/www.phenix-aviation.com\/wp-content\/uploads\/2026\/03\/2231-768x512.jpg 768w, https:\/\/www.phenix-aviation.com\/wp-content\/uploads\/2026\/03\/2231-1536x1024.jpg 1536w, https:\/\/www.phenix-aviation.com\/wp-content\/uploads\/2026\/03\/2231.jpg 2000w\" sizes=\"auto, (max-width: 1024px) 100vw, 1024px\" \/><\/figure><div class=\"wp-block-media-text__content\">\n<div class=\"wp-block-group alignwide is-vertical is-content-justification-left is-layout-flex wp-container-core-group-is-layout-0c39fd5e wp-block-group-is-layout-flex\">\n<h4 class=\"wp-block-heading has-text-align-left wp-container-content-dc435e0d\"><strong><strong><strong>Documentation op\u00e9rationnelle <\/strong><\/strong><\/strong><\/h4>\n\n\n\n<p class=\"has-text-align-left wp-container-content-958eb9dc\">Nous concevons et g\u00e9rons une documentation NCC claire, structur\u00e9e et parfaitement adapt\u00e9e \u00e0 vos op\u00e9rations. Manuels et proc\u00e9dures sont pens\u00e9s pour r\u00e9pondre aux exigences r\u00e9glementaires tout en restant pratiques et efficaces pour les \u00e9quipages et les \u00e9quipes au sol.<\/p>\n<\/div>\n<\/div><\/div>\n\n\n\n<div class=\"wp-block-media-text alignwide has-media-on-the-right is-stacked-on-mobile is-vertically-aligned-center is-image-fill-element\" style=\"margin-top:var(--wp--preset--spacing--80);margin-bottom:var(--wp--preset--spacing--80);padding-top:0;padding-bottom:0;grid-template-columns:auto 35%\"><div class=\"wp-block-media-text__content\">\n<div class=\"wp-block-group alignwide is-vertical is-content-justification-left is-layout-flex wp-container-core-group-is-layout-0c39fd5e wp-block-group-is-layout-flex\">\n<h4 class=\"wp-block-heading has-text-align-left wp-container-content-dc435e0d\"><strong><strong><strong>Interface avec les autorit\u00e9s<\/strong><\/strong><\/strong><\/h4>\n\n\n\n<p class=\"has-text-align-left\">Nous assurons une interface professionnelle et proactive avec les autorit\u00e9s de l\u2019aviation civile. Audits, demandes d\u2019approbation et \u00e9changes r\u00e9glementaires sont pilot\u00e9s avec rigueur et discr\u00e9tion, dans le respect des standards d\u2019excellence propres \u00e0 l\u2019aviation d\u2019affaires.<\/p>\n<\/div>\n<\/div><figure class=\"wp-block-media-text__media\"><img loading=\"lazy\" decoding=\"async\" width=\"1024\" height=\"683\" src=\"https:\/\/www.phenix-aviation.com\/wp-content\/uploads\/2026\/03\/2148377802-1024x683.jpg\" alt=\"\" class=\"wp-image-876 size-large\" style=\"object-position:50% 50%\" srcset=\"https:\/\/www.phenix-aviation.com\/wp-content\/uploads\/2026\/03\/2148377802-1024x683.jpg 1024w, https:\/\/www.phenix-aviation.com\/wp-content\/uploads\/2026\/03\/2148377802-300x200.jpg 300w, https:\/\/www.phenix-aviation.com\/wp-content\/uploads\/2026\/03\/2148377802-768x512.jpg 768w, https:\/\/www.phenix-aviation.com\/wp-content\/uploads\/2026\/03\/2148377802-1536x1025.jpg 1536w, https:\/\/www.phenix-aviation.com\/wp-content\/uploads\/2026\/03\/2148377802.jpg 2000w\" sizes=\"auto, (max-width: 1024px) 100vw, 1024px\" \/><\/figure><\/div>\n<\/div>\n\n\n\n<p style=\"margin-top:var(--wp--preset--spacing--40);margin-bottom:var(--wp--preset--spacing--40)\"><\/p>\n\n\n\n<div class=\"wp-block-group alignfull has-background is-layout-constrained wp-container-core-group-is-layout-6bbc3aab wp-block-group-is-layout-constrained\" id=\"whyus\" style=\"background:linear-gradient(135deg,rgb(15,23,41) 0%,rgb(0,69,133) 97%);margin-top:0;margin-bottom:0;padding-top:7rem;padding-bottom:7rem\">\n<h2 class=\"wp-block-heading\">Pourquoi Phenix Aviation ?<\/h2>\n\n\n\n<p><\/p>\n\n\n\n<div class=\"wp-block-columns are-vertically-aligned-top is-layout-flex wp-container-core-columns-is-layout-3d339db9 wp-block-columns-is-layout-flex\" style=\"margin-top:50px;padding-bottom:var(--wp--preset--spacing--80)\">\n<div class=\"wp-block-column is-vertically-aligned-top is-layout-flow wp-container-core-column-is-layout-6b73ce23 wp-block-column-is-layout-flow\">\n<figure class=\"wp-block-image aligncenter size-large\"><img decoding=\"async\" src=\"https:\/\/img.icons8.com\/?size=100&amp;id=48353&amp;format=png&amp;color=ffffff\" alt=\"\"\/><\/figure>\n\n\n\n<h3 class=\"wp-block-heading has-text-align-center\" style=\"margin-top:16px\">Expertise d\u00e9di\u00e9e<\/h3>\n\n\n\n<p class=\"has-text-align-center\">Expertise en aviation d\u2019affaire<\/p>\n<\/div>\n\n\n\n<div class=\"wp-block-column is-vertically-aligned-top is-layout-flow wp-container-core-column-is-layout-6b73ce23 wp-block-column-is-layout-flow\">\n<figure class=\"wp-block-image aligncenter size-large\"><img decoding=\"async\" src=\"https:\/\/img.icons8.com\/?size=100&amp;id=30872&amp;format=png&amp;color=ffffff\" alt=\"\"\/><\/figure>\n\n\n\n<h3 class=\"wp-block-heading has-text-align-center\" style=\"margin-top:16px\">Conseil strat\u00e9gique et op\u00e9rationnel<\/h3>\n\n\n\n<p class=\"has-text-align-center\">Approche ind\u00e9pendante et orient\u00e9e r\u00e9sultats<\/p>\n<\/div>\n\n\n\n<div class=\"wp-block-column is-vertically-aligned-top is-layout-flow wp-container-core-column-is-layout-6b73ce23 wp-block-column-is-layout-flow\">\n<figure class=\"wp-block-image aligncenter size-large\"><img decoding=\"async\" src=\"https:\/\/img.icons8.com\/?size=100&amp;id=9672&amp;format=png&amp;color=ffffff\" alt=\"\"\/><\/figure>\n\n\n\n<h3 class=\"wp-block-heading has-text-align-center\" style=\"margin-top:16px\"><strong>Suivi personnalis\u00e9<\/strong><\/h3>\n\n\n\n<p class=\"has-text-align-center\">Un interlocuteur qualifi\u00e9, unique et d\u00e9di\u00e9 disponible 24h\/24, 7j\/7<\/p>\n<\/div>\n\n\n\n<div class=\"wp-block-column is-vertically-aligned-top is-layout-flow wp-container-core-column-is-layout-6b73ce23 wp-block-column-is-layout-flow\">\n<figure class=\"wp-block-image aligncenter size-large\"><img decoding=\"async\" src=\"https:\/\/img.icons8.com\/?size=100&amp;id=24730&amp;format=png&amp;color=ffffff\" alt=\"\"\/><\/figure>\n\n\n\n<h3 class=\"wp-block-heading has-text-align-center\" style=\"margin-top:16px\">Excellence R\u00e9glementaire<\/h3>\n\n\n\n<p class=\"has-text-align-center\">Ma\u00eetrise du cadre r\u00e9glementaire<\/p>\n<\/div>\n<\/div>\n\n\n\n<hr class=\"wp-block-separator has-text-color has-white-color has-alpha-channel-opacity has-white-background-color has-background is-style-wide\"\/>\n\n\n\n<div class=\"wp-block-group alignfull is-layout-constrained wp-container-core-group-is-layout-68f6999d wp-block-group-is-layout-constrained\" id=\"contact\" style=\"margin-top:0;padding-top:var(--wp--preset--spacing--80);padding-bottom:var(--wp--preset--spacing--50)\">\n<h2 class=\"wp-block-heading has-text-align-center has-text-color\" style=\"color:#ffffff\">Un projet, un avion, une question ?<\/h2>\n\n\n\n<div class=\"wp-block-buttons is-content-justification-center is-layout-flex wp-container-core-buttons-is-layout-5f6571c8 wp-block-buttons-is-layout-flex\" style=\"margin-top:var(--wp--preset--spacing--70);margin-bottom:0\">\n<div class=\"wp-block-button is-style-outline is-style-outline--5\"><a class=\"wp-block-button__link has-background has-border-color has-ast-global-color-2-border-color has-text-align-center wp-element-button\" href=\"https:\/\/www.phenix-aviation.com\/?page_id=669\" style=\"border-width:2px;background-color:#ffffff00\">Contactez-nous<\/a><\/div>\n<\/div>\n<\/div>\n<\/div>\n\n\n","protected":false},"excerpt":{"rendered":"<p>Excellence r\u00e9glementaire Nous accompagnons les exploitants NCC dans la ma\u00eetrise des exigences EASA, en apportant une expertise d\u00e9di\u00e9e \u00e0 l\u2019aviation [&hellip;]<\/p>\n","protected":false},"author":1,"featured_media":0,"parent":0,"menu_order":0,"comment_status":"closed","ping_status":"closed","template":"","meta":{"site-sidebar-layout":"default","site-content-layout":"","ast-site-content-layout":"default","site-content-style":"default","site-sidebar-style":"default","ast-global-header-display":"","ast-banner-title-visibility":"","ast-main-header-display":"","ast-hfb-above-header-display":"","ast-hfb-below-header-display":"","ast-hfb-mobile-header-display":"","site-post-title":"disabled","ast-breadcrumbs-content":"","ast-featured-img":"","footer-sml-layout":"","ast-disable-related-posts":"","theme-transparent-header-meta":"","adv-header-id-meta":"","stick-header-meta":"","header-above-stick-meta":"","header-main-stick-meta":"","header-below-stick-meta":"","astra-migrate-meta-layouts":"default","ast-page-background-enabled":"default","ast-page-background-meta":{"desktop":{"background-color":"var(--ast-global-color-5)","background-image":"","background-repeat":"repeat","background-position":"center center","background-size":"auto","background-attachment":"scroll","background-type":"","background-media":"","overlay-type":"","overlay-color":"","overlay-opacity":"","overlay-gradient":""},"tablet":{"background-color":"","background-image":"","background-repeat":"repeat","background-position":"center center","background-size":"auto","background-attachment":"scroll","background-type":"","background-media":"","overlay-type":"","overlay-color":"","overlay-opacity":"","overlay-gradient":""},"mobile":{"background-color":"","background-image":"","background-repeat":"repeat","background-position":"center center","background-size":"auto","background-attachment":"scroll","background-type":"","background-media":"","overlay-type":"","overlay-color":"","overlay-opacity":"","overlay-gradient":""}},"ast-content-background-meta":{"desktop":{"background-color":"var(--ast-global-color-4)","background-image":"","background-repeat":"repeat","background-position":"center center","background-size":"auto","background-attachment":"scroll","background-type":"","background-media":"","overlay-type":"","overlay-color":"","overlay-opacity":"","overlay-gradient":""},"tablet":{"background-color":"var(--ast-global-color-4)","background-image":"","background-repeat":"repeat","background-position":"center center","background-size":"auto","background-attachment":"scroll","background-type":"","background-media":"","overlay-type":"","overlay-color":"","overlay-opacity":"","overlay-gradient":""},"mobile":{"background-color":"var(--ast-global-color-4)","background-image":"","background-repeat":"repeat","background-position":"center center","background-size":"auto","background-attachment":"scroll","background-type":"","background-media":"","overlay-type":"","overlay-color":"","overlay-opacity":"","overlay-gradient":""}},"footnotes":""},"class_list":["post-431","page","type-page","status-publish","hentry"],"_links":{"self":[{"href":"https:\/\/www.phenix-aviation.com\/index.php?rest_route=\/wp\/v2\/pages\/431","targetHints":{"allow":["GET"]}}],"collection":[{"href":"https:\/\/www.phenix-aviation.com\/index.php?rest_route=\/wp\/v2\/pages"}],"about":[{"href":"https:\/\/www.phenix-aviation.com\/index.php?rest_route=\/wp\/v2\/types\/page"}],"author":[{"embeddable":true,"href":"https:\/\/www.phenix-aviation.com\/index.php?rest_route=\/wp\/v2\/users\/1"}],"replies":[{"embeddable":true,"href":"https:\/\/www.phenix-aviation.com\/index.php?rest_route=%2Fwp%2Fv2%2Fcomments&post=431"}],"version-history":[{"count":12,"href":"https:\/\/www.phenix-aviation.com\/index.php?rest_route=\/wp\/v2\/pages\/431\/revisions"}],"predecessor-version":[{"id":1115,"href":"https:\/\/www.phenix-aviation.com\/index.php?rest_route=\/wp\/v2\/pages\/431\/revisions\/1115"}],"wp:attachment":[{"href":"https:\/\/www.phenix-aviation.com\/index.php?rest_route=%2Fwp%2Fv2%2Fmedia&parent=431"}],"curies":[{"name":"wp","href":"https:\/\/api.w.org\/{rel}","templated":true}]}}