{"id":326,"date":"2026-03-02T11:12:55","date_gmt":"2026-03-02T10:12:55","guid":{"rendered":"https:\/\/vitrine-phenix-staging.aviasurvey.com\/?page_id=326"},"modified":"2026-04-07T23:13:01","modified_gmt":"2026-04-07T21:13:01","slug":"vols-a-la-demande","status":"publish","type":"page","link":"https:\/\/www.phenix-aviation.com\/?page_id=326","title":{"rendered":"Vols \u00e0 la demande"},"content":{"rendered":"\n<div class=\"wp-block-cover alignfull is-light\" style=\"min-height:45em;aspect-ratio:unset;\"><img loading=\"lazy\" decoding=\"async\" width=\"2000\" height=\"1125\" class=\"wp-block-cover__image-background wp-image-527 size-full\" alt=\"\" src=\"https:\/\/vitrine-phenix-staging.aviasurvey.com\/wp-content\/uploads\/2026\/03\/1456.jpg\" style=\"object-position:49% 0%\" data-object-fit=\"cover\" data-object-position=\"49% 0%\" srcset=\"https:\/\/www.phenix-aviation.com\/wp-content\/uploads\/2026\/03\/1456.jpg 2000w, https:\/\/www.phenix-aviation.com\/wp-content\/uploads\/2026\/03\/1456-300x169.jpg 300w, https:\/\/www.phenix-aviation.com\/wp-content\/uploads\/2026\/03\/1456-1024x576.jpg 1024w, https:\/\/www.phenix-aviation.com\/wp-content\/uploads\/2026\/03\/1456-768x432.jpg 768w, https:\/\/www.phenix-aviation.com\/wp-content\/uploads\/2026\/03\/1456-1536x864.jpg 1536w\" sizes=\"auto, (max-width: 2000px) 100vw, 2000px\" \/><span aria-hidden=\"true\" class=\"wp-block-cover__background has-black-background-color has-background-dim-30 has-background-dim\"><\/span><div class=\"wp-block-cover__inner-container is-layout-constrained wp-block-cover-is-layout-constrained\">\n<p class=\"has-text-align-center has-ast-global-color-2-color has-text-color has-link-color has-large-font-size wp-elements-b3492ce6fefcd281defbc89e48cb66c6\" style=\"border-style:none;border-width:0px;margin-top:var(--wp--preset--spacing--70);margin-bottom:var(--wp--preset--spacing--60)\">Vols \u00e0 la demande<\/p>\n\n\n\n<div class=\"wp-block-group has-white-color has-text-color has-link-color wp-elements-a15761d139d601426decd0198f966e93 is-layout-constrained wp-container-core-group-is-layout-139c9841 wp-block-group-is-layout-constrained\" style=\"margin-top:0;margin-bottom:0;padding-top:0;padding-right:var(--wp--preset--spacing--40);padding-bottom:var(--wp--preset--spacing--40);padding-left:var(--wp--preset--spacing--40)\">\n<h3 class=\"wp-block-heading has-white-color has-text-color has-link-color wp-elements-ef424db4f5240159cc92700b40d84299\" style=\"margin-top:var(--wp--preset--spacing--30);margin-right:0;margin-bottom:var(--wp--preset--spacing--30);margin-left:0;padding-top:0;padding-right:0;padding-bottom:0;padding-left:0\">Demande de vol :<\/h3>\n\n\n\n<div class=\"wp-block-contact-form-7-contact-form-selector\">\n<div class=\"wpcf7 no-js\" id=\"wpcf7-f178-o1\" lang=\"fr-FR\" dir=\"ltr\" data-wpcf7-id=\"178\">\n<div class=\"screen-reader-response\"><p role=\"status\" aria-live=\"polite\" aria-atomic=\"true\"><\/p> <ul><\/ul><\/div>\n<form action=\"\/index.php?rest_route=%2Fwp%2Fv2%2Fpages%2F326#wpcf7-f178-o1\" method=\"post\" class=\"wpcf7-form init\" id=\"form_flight_contact\" aria-label=\"Formulaire de contact\" novalidate=\"novalidate\" data-status=\"init\">\n<fieldset class=\"hidden-fields-container\"><input type=\"hidden\" name=\"_wpcf7\" value=\"178\" \/><input type=\"hidden\" name=\"_wpcf7_version\" value=\"6.1.5\" \/><input type=\"hidden\" name=\"_wpcf7_locale\" value=\"fr_FR\" \/><input type=\"hidden\" name=\"_wpcf7_unit_tag\" value=\"wpcf7-f178-o1\" \/><input type=\"hidden\" name=\"_wpcf7_container_post\" value=\"0\" \/><input type=\"hidden\" name=\"_wpcf7_posted_data_hash\" value=\"\" \/>\n<\/fieldset>\n<p><label> Votre nom<br \/>\n<span class=\"wpcf7-form-control-wrap\" data-name=\"your-name\"><input size=\"40\" maxlength=\"400\" class=\"wpcf7-form-control wpcf7-text wpcf7-validates-as-required\" autocomplete=\"name\" aria-required=\"true\" aria-invalid=\"false\" value=\"\" type=\"text\" name=\"your-name\" \/><\/span> <\/label>\n<\/p>\n<p><label> Votre e-mail<br \/>\n<span class=\"wpcf7-form-control-wrap\" data-name=\"your-email\"><input size=\"40\" maxlength=\"400\" class=\"wpcf7-form-control wpcf7-email wpcf7-validates-as-required wpcf7-text wpcf7-validates-as-email\" autocomplete=\"email\" aria-required=\"true\" aria-invalid=\"false\" value=\"\" type=\"email\" name=\"your-email\" \/><\/span> <\/label>\n<\/p>\n<p><label> Type de vol<br \/>\n<span class=\"wpcf7-form-control-wrap\" data-name=\"select-395\"><select class=\"wpcf7-form-control wpcf7-select wpcf7-validates-as-required\" aria-required=\"true\" aria-invalid=\"false\" name=\"select-395\"><option value=\"Vol \u00e0 la demande\">Vol \u00e0 la demande<\/option><option value=\"Vol ambulance\">Vol ambulance<\/option><option value=\"7X\">7X<\/option><\/select><\/span><\/label>\n<\/p>\n<p><label> Date<br \/>\n<span class=\"wpcf7-form-control-wrap\" data-name=\"date-240\"><input class=\"wpcf7-form-control wpcf7-date wpcf7-validates-as-required wpcf7-validates-as-date\" aria-required=\"true\" aria-invalid=\"false\" value=\"\" type=\"date\" name=\"date-240\" \/><\/span><\/label>\n<\/p>\n<p><label> D\u00e9part<br \/>\n<span class=\"wpcf7-form-control-wrap\" data-name=\"text-82\"><input size=\"40\" maxlength=\"200\" class=\"wpcf7-form-control wpcf7-text wpcf7-validates-as-required\" aria-required=\"true\" aria-invalid=\"false\" value=\"\" type=\"text\" name=\"text-82\" \/><\/span><\/label>\n<\/p>\n<p><label> Arriv\u00e9e<br \/>\n<span class=\"wpcf7-form-control-wrap\" data-name=\"text-82\"><input size=\"40\" maxlength=\"200\" class=\"wpcf7-form-control wpcf7-text wpcf7-validates-as-required\" aria-required=\"true\" aria-invalid=\"false\" value=\"\" type=\"text\" name=\"text-82\" \/><\/span><\/label>\n<\/p>\n<p><label> Passagers<br \/>\n<span class=\"wpcf7-form-control-wrap\" data-name=\"number-843\"><input class=\"wpcf7-form-control wpcf7-number wpcf7-validates-as-required wpcf7-validates-as-number\" min=\"0\" max=\"20\" aria-required=\"true\" aria-invalid=\"false\" value=\"\" type=\"number\" name=\"number-843\" \/><\/span><\/label>\n<\/p>\n<p><input class=\"wpcf7-form-control wpcf7-submit has-spinner\" type=\"submit\" value=\"Envoyer\" \/>\n<\/p><div class=\"wpcf7-response-output\" aria-hidden=\"true\"><\/div>\n<\/form>\n<\/div>\n<\/div>\n<\/div>\n\n\n\n<div class=\"wp-block-buttons alignwide is-content-justification-center is-layout-flex wp-container-core-buttons-is-layout-64858cd5 wp-block-buttons-is-layout-flex\" id=\"ondemandlinks\">\n<div class=\"wp-block-button is-style-fill\"><a class=\"wp-block-button__link has-white-color has-text-color has-link-color wp-element-button\" href=\"#ondemand\">Vol \u00e0 la demande<\/a><\/div>\n\n\n\n<div class=\"wp-block-button\"><a class=\"wp-block-button__link wp-element-button\" href=\"#falcon7x\">Dassault Flacon 7X<\/a><\/div>\n\n\n\n<div class=\"wp-block-button\"><a class=\"wp-block-button__link wp-element-button\" href=\"#evasan\">Vols Ambulance<\/a><\/div>\n<\/div>\n<\/div><\/div>\n\n\n\n<div style=\"height:5em\" aria-hidden=\"true\" id=\"ondemand\" class=\"wp-block-spacer\"><\/div>\n\n\n\n<h3 class=\"wp-block-heading has-text-align-center\" style=\"margin-top:0;margin-right:0;margin-bottom:0;margin-left:0;padding-top:var(--wp--preset--spacing--60);padding-right:0;padding-bottom:var(--wp--preset--spacing--60);padding-left:0\"><em>O\u00f9 vous voulez, Quand vous le voulez.<\/em><\/h3>\n\n\n\n<div class=\"wp-block-media-text is-stacked-on-mobile is-vertically-aligned-top\" style=\"margin-top:0;margin-right:0;margin-bottom:0;margin-left:0;padding-top:0;padding-right:0;padding-bottom:0;padding-left:0\"><figure class=\"wp-block-media-text__media\"><img loading=\"lazy\" decoding=\"async\" width=\"1024\" height=\"873\" src=\"https:\/\/www.phenix-aviation.com\/wp-content\/uploads\/2026\/03\/cropped-IMG_3986-1-scaled-1-1024x873.jpg\" alt=\"\" class=\"wp-image-390 size-full\" srcset=\"https:\/\/www.phenix-aviation.com\/wp-content\/uploads\/2026\/03\/cropped-IMG_3986-1-scaled-1-1024x873.jpg 1024w, https:\/\/www.phenix-aviation.com\/wp-content\/uploads\/2026\/03\/cropped-IMG_3986-1-scaled-1-300x256.jpg 300w, https:\/\/www.phenix-aviation.com\/wp-content\/uploads\/2026\/03\/cropped-IMG_3986-1-scaled-1-768x655.jpg 768w, https:\/\/www.phenix-aviation.com\/wp-content\/uploads\/2026\/03\/cropped-IMG_3986-1-scaled-1-1536x1309.jpg 1536w, https:\/\/www.phenix-aviation.com\/wp-content\/uploads\/2026\/03\/cropped-IMG_3986-1-scaled-1-2048x1746.jpg 2048w\" sizes=\"auto, (max-width: 1024px) 100vw, 1024px\" \/><\/figure><div class=\"wp-block-media-text__content\">\n<p>Pour les voyageurs r\u00e9guliers ou les voyageurs occasionnels, notre \u00e9quipe d&rsquo;experts est disponible 24h\/24 et 7j\/7 pour vous fournir les informations dont vous avez besoin et vous proposer une solution.<\/p>\n\n\n\n<p>Le march\u00e9 de l&rsquo;aviation d&rsquo;affaires est un environnement complexe et comp\u00e9titif, c&rsquo;est pourquoi nous sommes fiers de rester fid\u00e8les \u00e0 nos valeurs fondamentales et concentr\u00e9s sur notre objectif principal : fournir un moyen de voyage s\u00fbr, fiable et sur mesure pour nos clients.<\/p>\n\n\n\n<p>Nous prenons le temps de bien comprendre vos besoins et vos attentes, aussi bien dans les airs qu&rsquo;avant et apr\u00e8s votre voyage.<\/p>\n\n\n\n<p>Nous fournissons des services sur mesure en portant une grande attention \u00e0 chaque d\u00e9tails, du premier \u00e9change t\u00e9l\u00e9phonique, \u00e0 votre voiture s&rsquo;arr\u00eatant au pas de la porte de l&rsquo;avion, au type de magazines que vous aimez lire, jusqu&rsquo;\u00e0 notre derni\u00e8re poign\u00e9e de main&#8230;<\/p>\n\n\n\n<p style=\"margin-top:0;margin-right:0;margin-bottom:0;margin-left:0;padding-top:0;padding-right:0;padding-bottom:0;padding-left:0\">Nous pensons global.<\/p>\n<\/div><\/div>\n\n\n\n<h4 class=\"wp-block-heading has-text-align-center\" style=\"margin-top:var(--wp--preset--spacing--70);margin-right:0;margin-bottom:var(--wp--preset--spacing--70);margin-left:0\"><strong>L\u2019\u00e9quipe Phenix Aviation est disponible 24H\/24 7J\/7 pour vous trouver les options les plus adapt\u00e9es \u00e0 votre voyage et ne vous fournira que le meilleur<\/strong>.<\/h4>\n\n\n\n<div style=\"height:5em\" aria-hidden=\"true\" class=\"wp-block-spacer\"><\/div>\n\n\n\n<div class=\"wp-block-group alignfull has-background is-layout-constrained wp-container-core-group-is-layout-4212f712 wp-block-group-is-layout-constrained\" id=\"falcon7x\" style=\"background:linear-gradient(135deg,rgb(15,23,41) 0%,rgb(0,69,133) 100%);margin-top:0;margin-bottom:0;padding-top:var(--wp--preset--spacing--60);padding-right:var(--wp--preset--spacing--50);padding-bottom:var(--wp--preset--spacing--80);padding-left:var(--wp--preset--spacing--50)\">\n<h2 class=\"wp-block-heading alignfull has-text-align-center\" style=\"margin-top:var(--wp--preset--spacing--80);margin-bottom:var(--wp--preset--spacing--60)\">Dassault Falcon 7X<\/h2>\n\n\n\n<div class=\"wp-block-media-text alignwide has-media-on-the-right is-stacked-on-mobile\" style=\"border-style:none;border-width:0px;margin-bottom:var(--wp--preset--spacing--80)\"><div class=\"wp-block-media-text__content\">\n<p>Le Dassault Falcon 7X repousse les standards du jet d\u2019affaires long-courrier gr\u00e2ce \u00e0 une autonomie exceptionnelle, une vitesse accrue et un confort de cabine haut de gamme, offrant des performances de r\u00e9f\u00e9rence dans sa cat\u00e9gorie.<\/p>\n\n\n\n<div class=\"wp-block-buttons is-content-justification-center is-layout-flex wp-container-core-buttons-is-layout-a89b3969 wp-block-buttons-is-layout-flex\">\n<div class=\"wp-block-button\"><a class=\"wp-block-button__link has-text-align-center wp-element-button\" href=\"https:\/\/www.phenix-aviation.com\/?page_id=324\">En savoir plus<\/a><\/div>\n<\/div>\n<\/div><figure class=\"wp-block-media-text__media\"><img loading=\"lazy\" decoding=\"async\" width=\"1024\" height=\"670\" src=\"https:\/\/www.phenix-aviation.com\/wp-content\/uploads\/2026\/03\/up7qe4bi_modified-1024x670.jpg\" alt=\"\" class=\"wp-image-420 size-full\" srcset=\"https:\/\/www.phenix-aviation.com\/wp-content\/uploads\/2026\/03\/up7qe4bi_modified-1024x670.jpg 1024w, https:\/\/www.phenix-aviation.com\/wp-content\/uploads\/2026\/03\/up7qe4bi_modified-300x196.jpg 300w, https:\/\/www.phenix-aviation.com\/wp-content\/uploads\/2026\/03\/up7qe4bi_modified-768x502.jpg 768w, https:\/\/www.phenix-aviation.com\/wp-content\/uploads\/2026\/03\/up7qe4bi_modified-1536x1005.jpg 1536w, https:\/\/www.phenix-aviation.com\/wp-content\/uploads\/2026\/03\/up7qe4bi_modified.jpg 1804w\" sizes=\"auto, (max-width: 1024px) 100vw, 1024px\" \/><\/figure><\/div>\n<\/div>\n\n\n\n<div id=\"evasan\" class=\"wp-block-group is-layout-constrained wp-block-group-is-layout-constrained\" style=\"margin-top:0;margin-bottom:0;padding-top:0;padding-bottom:var(--wp--preset--spacing--80)\">\n<div style=\"height:5em\" aria-hidden=\"true\" class=\"wp-block-spacer\"><\/div>\n\n\n\n<div class=\"wp-block-group is-content-justification-center is-nowrap is-layout-flex wp-container-core-group-is-layout-956398cd wp-block-group-is-layout-flex\">\n<figure class=\"wp-block-image size-large is-style-default wp-container-content-be9105f3 wp-duotone-unset-1\" style=\"margin-top:0;margin-right:0;margin-bottom:0;margin-left:0\"><img decoding=\"async\" src=\"https:\/\/img.icons8.com\/?size=100&amp;id=S4uQPzcYuUUQ&amp;format=png&amp;color=ffffff\" alt=\"\" style=\"aspect-ratio:1;object-fit:cover\"\/><\/figure>\n\n\n\n<h2 class=\"wp-block-heading has-text-align-center\" style=\"margin-top:0;margin-right:0;margin-bottom:0;margin-left:0;padding-top:0;padding-right:0;padding-bottom:0;padding-left:0\">Evacuation Sanitaire<\/h2>\n<\/div>\n\n\n\n<h3 class=\"wp-block-heading has-text-align-center\"><em>Notre coeur de m\u00e9tier depuis plus de 20 ans.<\/em><\/h3>\n\n\n\n<div style=\"height:1em\" aria-hidden=\"true\" class=\"wp-block-spacer\"><\/div>\n\n\n\n<div class=\"wp-block-media-text alignwide has-media-on-the-right is-vertically-aligned-center\" style=\"grid-template-columns:auto 41%\"><div class=\"wp-block-media-text__content\">\n<p>Sp\u00e9cialiste des vols m\u00e9dicaux, rapatriement sanitaire, Ph\u00e9nix Aviation travaille en coop\u00e9ration avec des assisteurs et compagnies d\u2019assurances reconnus.&nbsp;<\/p>\n\n\n\n<p>Avec nos avions m\u00e9dicalis\u00e9s ou ceux de nos partenaires, nous saurons r\u00e9pondre \u00e0 toutes demandes couvrant l&rsquo;Europe et le bassin m\u00e9diterran\u00e9en.<\/p>\n<\/div><figure class=\"wp-block-media-text__media\"><img loading=\"lazy\" decoding=\"async\" width=\"1024\" height=\"746\" src=\"https:\/\/www.phenix-aviation.com\/wp-content\/uploads\/2026\/03\/cropped-IMG_2550-scaled-3-1024x746.jpg\" alt=\"\" class=\"wp-image-389 size-full\" srcset=\"https:\/\/www.phenix-aviation.com\/wp-content\/uploads\/2026\/03\/cropped-IMG_2550-scaled-3-1024x746.jpg 1024w, https:\/\/www.phenix-aviation.com\/wp-content\/uploads\/2026\/03\/cropped-IMG_2550-scaled-3-300x219.jpg 300w, https:\/\/www.phenix-aviation.com\/wp-content\/uploads\/2026\/03\/cropped-IMG_2550-scaled-3-768x560.jpg 768w, https:\/\/www.phenix-aviation.com\/wp-content\/uploads\/2026\/03\/cropped-IMG_2550-scaled-3-1536x1120.jpg 1536w, https:\/\/www.phenix-aviation.com\/wp-content\/uploads\/2026\/03\/cropped-IMG_2550-scaled-3-2048x1493.jpg 2048w\" sizes=\"auto, (max-width: 1024px) 100vw, 1024px\" \/><\/figure><\/div>\n\n\n\n<div style=\"height:50px\" aria-hidden=\"true\" class=\"wp-block-spacer\"><\/div>\n\n\n\n<div class=\"wp-block-media-text alignwide is-vertically-aligned-center\" style=\"grid-template-columns:42% auto\"><figure class=\"wp-block-media-text__media\"><img loading=\"lazy\" decoding=\"async\" width=\"1024\" height=\"731\" src=\"https:\/\/www.phenix-aviation.com\/wp-content\/uploads\/2026\/03\/cropped-piaggio_oyonair-1024x731.jpg\" alt=\"\" class=\"wp-image-391 size-full\" srcset=\"https:\/\/www.phenix-aviation.com\/wp-content\/uploads\/2026\/03\/cropped-piaggio_oyonair-1024x731.jpg 1024w, https:\/\/www.phenix-aviation.com\/wp-content\/uploads\/2026\/03\/cropped-piaggio_oyonair-300x214.jpg 300w, https:\/\/www.phenix-aviation.com\/wp-content\/uploads\/2026\/03\/cropped-piaggio_oyonair-768x549.jpg 768w, https:\/\/www.phenix-aviation.com\/wp-content\/uploads\/2026\/03\/cropped-piaggio_oyonair.jpg 1309w\" sizes=\"auto, (max-width: 1024px) 100vw, 1024px\" \/><\/figure><div class=\"wp-block-media-text__content\">\n<p>Le Piaggio Avanti II, avec son design peu commun et r\u00e9volutionnaire, pourra effectuer un vol m\u00e9dical avec une ou deux civi\u00e8res \u00e0 une vitesse de plus de 700 km\/h.<\/p>\n<\/div><\/div>\n\n\n\n<div style=\"height:16px\" aria-hidden=\"true\" class=\"wp-block-spacer\"><\/div>\n\n\n\n<h4 class=\"wp-block-heading has-text-align-center\"><strong>Phenix Aviation est disponible 24H\/24 7J\/7 pour trouver les options les plus adapt\u00e9es \u00e0 votre besoin de transport sanitaire ou de transport d&rsquo;organe<\/strong>.<\/h4>\n\n\n\n<div style=\"height:16px\" aria-hidden=\"true\" class=\"wp-block-spacer\"><\/div>\n\n\n\n<figure class=\"wp-block-image aligncenter size-medium has-custom-border is-resized is-style-rounded\"><img loading=\"lazy\" decoding=\"async\" width=\"300\" height=\"199\" src=\"https:\/\/www.phenix-aviation.com\/wp-content\/uploads\/2026\/03\/assistance-rapatriement-previnter-3085-300x199.jpeg\" alt=\"\" class=\"wp-image-385\" style=\"border-top-left-radius:0px;border-top-right-radius:0px;border-bottom-left-radius:0px;border-bottom-right-radius:0px\" srcset=\"https:\/\/www.phenix-aviation.com\/wp-content\/uploads\/2026\/03\/assistance-rapatriement-previnter-3085-300x199.jpeg 300w, https:\/\/www.phenix-aviation.com\/wp-content\/uploads\/2026\/03\/assistance-rapatriement-previnter-3085-1024x680.jpeg 1024w, https:\/\/www.phenix-aviation.com\/wp-content\/uploads\/2026\/03\/assistance-rapatriement-previnter-3085-768x510.jpeg 768w, https:\/\/www.phenix-aviation.com\/wp-content\/uploads\/2026\/03\/assistance-rapatriement-previnter-3085-1536x1020.jpeg 1536w, https:\/\/www.phenix-aviation.com\/wp-content\/uploads\/2026\/03\/assistance-rapatriement-previnter-3085.jpeg 2048w\" sizes=\"auto, (max-width: 300px) 100vw, 300px\" \/><\/figure>\n\n\n\n<div style=\"height:16px\" aria-hidden=\"true\" class=\"wp-block-spacer\"><\/div>\n<\/div>\n\n\n\n\n\n<div class=\"wp-block-group alignfull has-background is-layout-constrained wp-container-core-group-is-layout-6bbc3aab wp-block-group-is-layout-constrained\" id=\"whyus\" style=\"background:linear-gradient(135deg,rgb(15,23,41) 0%,rgb(0,69,133) 97%);margin-top:0;margin-bottom:0;padding-top:7rem;padding-bottom:7rem\">\n<h2 class=\"wp-block-heading\">Pourquoi Phenix Aviation ?<\/h2>\n\n\n\n<p><\/p>\n\n\n\n<div class=\"wp-block-columns are-vertically-aligned-top is-layout-flex wp-container-core-columns-is-layout-3d339db9 wp-block-columns-is-layout-flex\" style=\"margin-top:50px;padding-bottom:var(--wp--preset--spacing--80)\">\n<div class=\"wp-block-column is-vertically-aligned-top is-layout-flow wp-container-core-column-is-layout-6b73ce23 wp-block-column-is-layout-flow\">\n<figure class=\"wp-block-image aligncenter size-large\"><img decoding=\"async\" src=\"https:\/\/img.icons8.com\/?size=100&amp;id=48353&amp;format=png&amp;color=ffffff\" alt=\"\"\/><\/figure>\n\n\n\n<h3 class=\"wp-block-heading has-text-align-center\" style=\"margin-top:16px\">Expertise d\u00e9di\u00e9e<\/h3>\n\n\n\n<p class=\"has-text-align-center\">Expertise en aviation d\u2019affaire<\/p>\n<\/div>\n\n\n\n<div class=\"wp-block-column is-vertically-aligned-top is-layout-flow wp-container-core-column-is-layout-6b73ce23 wp-block-column-is-layout-flow\">\n<figure class=\"wp-block-image aligncenter size-large\"><img decoding=\"async\" src=\"https:\/\/img.icons8.com\/?size=100&amp;id=30872&amp;format=png&amp;color=ffffff\" alt=\"\"\/><\/figure>\n\n\n\n<h3 class=\"wp-block-heading has-text-align-center\" style=\"margin-top:16px\">Conseil strat\u00e9gique et op\u00e9rationnel<\/h3>\n\n\n\n<p class=\"has-text-align-center\">Approche ind\u00e9pendante et orient\u00e9e r\u00e9sultats<\/p>\n<\/div>\n\n\n\n<div class=\"wp-block-column is-vertically-aligned-top is-layout-flow wp-container-core-column-is-layout-6b73ce23 wp-block-column-is-layout-flow\">\n<figure class=\"wp-block-image aligncenter size-large\"><img decoding=\"async\" src=\"https:\/\/img.icons8.com\/?size=100&amp;id=9672&amp;format=png&amp;color=ffffff\" alt=\"\"\/><\/figure>\n\n\n\n<h3 class=\"wp-block-heading has-text-align-center\" style=\"margin-top:16px\"><strong>Suivi personnalis\u00e9<\/strong><\/h3>\n\n\n\n<p class=\"has-text-align-center\">Un interlocuteur qualifi\u00e9, unique et d\u00e9di\u00e9 disponible 24h\/24, 7j\/7<\/p>\n<\/div>\n\n\n\n<div class=\"wp-block-column is-vertically-aligned-top is-layout-flow wp-container-core-column-is-layout-6b73ce23 wp-block-column-is-layout-flow\">\n<figure class=\"wp-block-image aligncenter size-large\"><img decoding=\"async\" src=\"https:\/\/img.icons8.com\/?size=100&amp;id=24730&amp;format=png&amp;color=ffffff\" alt=\"\"\/><\/figure>\n\n\n\n<h3 class=\"wp-block-heading has-text-align-center\" style=\"margin-top:16px\">Excellence R\u00e9glementaire<\/h3>\n\n\n\n<p class=\"has-text-align-center\">Ma\u00eetrise du cadre r\u00e9glementaire<\/p>\n<\/div>\n<\/div>\n\n\n\n<hr class=\"wp-block-separator has-text-color has-white-color has-alpha-channel-opacity has-white-background-color has-background is-style-wide\"\/>\n\n\n\n<div class=\"wp-block-group alignfull is-layout-constrained wp-container-core-group-is-layout-68f6999d wp-block-group-is-layout-constrained\" id=\"contact\" style=\"margin-top:0;padding-top:var(--wp--preset--spacing--80);padding-bottom:var(--wp--preset--spacing--50)\">\n<h2 class=\"wp-block-heading has-text-align-center has-text-color\" style=\"color:#ffffff\">Un projet, un avion, une question ?<\/h2>\n\n\n\n<div class=\"wp-block-buttons is-content-justification-center is-layout-flex wp-container-core-buttons-is-layout-5f6571c8 wp-block-buttons-is-layout-flex\" style=\"margin-top:var(--wp--preset--spacing--70);margin-bottom:0\">\n<div class=\"wp-block-button is-style-outline is-style-outline--2\"><a class=\"wp-block-button__link has-background has-border-color has-ast-global-color-2-border-color has-text-align-center wp-element-button\" href=\"https:\/\/www.phenix-aviation.com\/?page_id=669\" style=\"border-width:2px;background-color:#ffffff00\">Contactez-nous<\/a><\/div>\n<\/div>\n<\/div>\n<\/div>\n","protected":false},"excerpt":{"rendered":"<p>O\u00f9 vous voulez, Quand vous le voulez. Pour les voyageurs r\u00e9guliers ou les voyageurs occasionnels, notre \u00e9quipe d&rsquo;experts est disponible [&hellip;]<\/p>\n","protected":false},"author":1,"featured_media":0,"parent":0,"menu_order":0,"comment_status":"closed","ping_status":"closed","template":"","meta":{"site-sidebar-layout":"default","site-content-layout":"","ast-site-content-layout":"default","site-content-style":"default","site-sidebar-style":"default","ast-global-header-display":"","ast-banner-title-visibility":"","ast-main-header-display":"","ast-hfb-above-header-display":"","ast-hfb-below-header-display":"","ast-hfb-mobile-header-display":"","site-post-title":"disabled","ast-breadcrumbs-content":"","ast-featured-img":"","footer-sml-layout":"","ast-disable-related-posts":"","theme-transparent-header-meta":"","adv-header-id-meta":"","stick-header-meta":"","header-above-stick-meta":"","header-main-stick-meta":"","header-below-stick-meta":"","astra-migrate-meta-layouts":"default","ast-page-background-enabled":"default","ast-page-background-meta":{"desktop":{"background-color":"var(--ast-global-color-5)","background-image":"","background-repeat":"repeat","background-position":"center center","background-size":"auto","background-attachment":"scroll","background-type":"","background-media":"","overlay-type":"","overlay-color":"","overlay-opacity":"","overlay-gradient":""},"tablet":{"background-color":"","background-image":"","background-repeat":"repeat","background-position":"center center","background-size":"auto","background-attachment":"scroll","background-type":"","background-media":"","overlay-type":"","overlay-color":"","overlay-opacity":"","overlay-gradient":""},"mobile":{"background-color":"","background-image":"","background-repeat":"repeat","background-position":"center center","background-size":"auto","background-attachment":"scroll","background-type":"","background-media":"","overlay-type":"","overlay-color":"","overlay-opacity":"","overlay-gradient":""}},"ast-content-background-meta":{"desktop":{"background-color":"var(--ast-global-color-4)","background-image":"","background-repeat":"repeat","background-position":"center center","background-size":"auto","background-attachment":"scroll","background-type":"","background-media":"","overlay-type":"","overlay-color":"","overlay-opacity":"","overlay-gradient":""},"tablet":{"background-color":"var(--ast-global-color-4)","background-image":"","background-repeat":"repeat","background-position":"center center","background-size":"auto","background-attachment":"scroll","background-type":"","background-media":"","overlay-type":"","overlay-color":"","overlay-opacity":"","overlay-gradient":""},"mobile":{"background-color":"var(--ast-global-color-4)","background-image":"","background-repeat":"repeat","background-position":"center center","background-size":"auto","background-attachment":"scroll","background-type":"","background-media":"","overlay-type":"","overlay-color":"","overlay-opacity":"","overlay-gradient":""}},"footnotes":""},"class_list":["post-326","page","type-page","status-publish","hentry"],"_links":{"self":[{"href":"https:\/\/www.phenix-aviation.com\/index.php?rest_route=\/wp\/v2\/pages\/326","targetHints":{"allow":["GET"]}}],"collection":[{"href":"https:\/\/www.phenix-aviation.com\/index.php?rest_route=\/wp\/v2\/pages"}],"about":[{"href":"https:\/\/www.phenix-aviation.com\/index.php?rest_route=\/wp\/v2\/types\/page"}],"author":[{"embeddable":true,"href":"https:\/\/www.phenix-aviation.com\/index.php?rest_route=\/wp\/v2\/users\/1"}],"replies":[{"embeddable":true,"href":"https:\/\/www.phenix-aviation.com\/index.php?rest_route=%2Fwp%2Fv2%2Fcomments&post=326"}],"version-history":[{"count":124,"href":"https:\/\/www.phenix-aviation.com\/index.php?rest_route=\/wp\/v2\/pages\/326\/revisions"}],"predecessor-version":[{"id":1117,"href":"https:\/\/www.phenix-aviation.com\/index.php?rest_route=\/wp\/v2\/pages\/326\/revisions\/1117"}],"wp:attachment":[{"href":"https:\/\/www.phenix-aviation.com\/index.php?rest_route=%2Fwp%2Fv2%2Fmedia&parent=326"}],"curies":[{"name":"wp","href":"https:\/\/api.w.org\/{rel}","templated":true}]}}