{"id":13,"date":"2026-02-17T16:06:53","date_gmt":"2026-02-17T15:06:53","guid":{"rendered":"https:\/\/vitrine-phenix-staging.aviasurvey.com\/?page_id=13"},"modified":"2026-04-07T22:37:04","modified_gmt":"2026-04-07T20:37:04","slug":"accueil","status":"publish","type":"page","link":"https:\/\/www.phenix-aviation.com\/","title":{"rendered":"Accueil"},"content":{"rendered":"\n<div class=\"wp-block-cover alignfull is-light\" style=\"min-height:701px;aspect-ratio:unset;\"><video class=\"wp-block-cover__video-background intrinsic-ignore\" autoplay muted loop playsinline src=\"https:\/\/vitrine-phenix-staging.aviasurvey.com\/wp-content\/uploads\/2026\/02\/vitrine-021.mp4\" data-object-fit=\"cover\"><\/video><span aria-hidden=\"true\" class=\"wp-block-cover__background has-background-dim-0 has-background-dim\"><\/span><div class=\"wp-block-cover__inner-container is-layout-flow wp-block-cover-is-layout-flow\">\n<div class=\"inherit-container-width wp-block-group alignwide is-content-justification-left is-layout-constrained wp-container-core-group-is-layout-ea5090f8 wp-block-group-is-layout-constrained\" style=\"margin-top:0;margin-bottom:0;padding-right:0;padding-left:0\">\n<h1 class=\"wp-block-heading has-text-align-left has-white-color has-text-color\"><strong>Les ailes de vos ambitions<\/strong><\/h1>\n\n\n\n<p>Gestion et exploitation d\u2019avions d\u2019affaires<\/p>\n\n\n\n<div class=\"wp-block-buttons is-layout-flex wp-block-buttons-is-layout-flex\">\n<div class=\"wp-block-button\"><a class=\"wp-block-button__link wp-element-button\" href=\"https:\/\/www.phenix-aviation.com\/?page_id=669\">Contactez-nous<\/a><\/div>\n<\/div>\n<\/div>\n<\/div><\/div>\n\n\n\n<div class=\"wp-block-group alignfull is-layout-constrained wp-container-core-group-is-layout-b5b6b5e1 wp-block-group-is-layout-constrained\" id=\"services\" style=\"padding-top:var(--wp--preset--spacing--80);padding-bottom:var(--wp--preset--spacing--80)\">\n<h2 class=\"wp-block-heading\">Nos Services<\/h2>\n\n\n\n<div class=\"wp-block-columns is-layout-flex wp-container-core-columns-is-layout-60cbf9bb wp-block-columns-is-layout-flex\" style=\"margin-top:50px\">\n<div class=\"wp-block-column is-layout-flow wp-container-core-column-is-layout-6b73ce23 wp-block-column-is-layout-flow\">\n<figure class=\"wp-block-image size-full\"><a href=\"https:\/\/www.phenix-aviation.com\/?page_id=309\"><img loading=\"lazy\" decoding=\"async\" width=\"2560\" height=\"1920\" src=\"https:\/\/vitrine-phenix-staging.aviasurvey.com\/wp-content\/uploads\/2026\/02\/IMG_2010-scaled.jpeg\" alt=\"\" class=\"wp-image-57\" style=\"aspect-ratio:1;object-fit:cover\" srcset=\"https:\/\/www.phenix-aviation.com\/wp-content\/uploads\/2026\/02\/IMG_2010-scaled.jpeg 2560w, https:\/\/www.phenix-aviation.com\/wp-content\/uploads\/2026\/02\/IMG_2010-300x225.jpeg 300w, https:\/\/www.phenix-aviation.com\/wp-content\/uploads\/2026\/02\/IMG_2010-1024x768.jpeg 1024w, https:\/\/www.phenix-aviation.com\/wp-content\/uploads\/2026\/02\/IMG_2010-768x576.jpeg 768w, https:\/\/www.phenix-aviation.com\/wp-content\/uploads\/2026\/02\/IMG_2010-1536x1152.jpeg 1536w, https:\/\/www.phenix-aviation.com\/wp-content\/uploads\/2026\/02\/IMG_2010-2048x1536.jpeg 2048w\" sizes=\"auto, (max-width: 2560px) 100vw, 2560px\" \/><\/a><\/figure>\n\n\n\n<h3 class=\"wp-block-heading has-text-align-center has-ast-global-color-2-color has-text-color has-link-color wp-elements-71ad799aa4b166b2f8ac20a8f089ac81\" style=\"margin-top:16px\"><a href=\"https:\/\/vitrine-phenix-staging.aviasurvey.com\/?page_id=309\" data-type=\"page\" data-id=\"309\">Gestion de la Navigabilit\u00e9<\/a><\/h3>\n\n\n\n<p class=\"has-text-align-center\"><\/p>\n<\/div>\n\n\n\n<div class=\"wp-block-column is-layout-flow wp-container-core-column-is-layout-6b73ce23 wp-block-column-is-layout-flow\">\n<figure class=\"wp-block-image size-full\"><a href=\"https:\/\/www.phenix-aviation.com\/?page_id=134\"><img loading=\"lazy\" decoding=\"async\" width=\"2560\" height=\"2030\" src=\"https:\/\/vitrine-phenix-staging.aviasurvey.com\/wp-content\/uploads\/2026\/02\/763772D9-EBEF-480F-8E73-A7C0A0305E7D-scaled.jpg\" alt=\"\" class=\"wp-image-60\" style=\"aspect-ratio:1;object-fit:cover\" srcset=\"https:\/\/www.phenix-aviation.com\/wp-content\/uploads\/2026\/02\/763772D9-EBEF-480F-8E73-A7C0A0305E7D-scaled.jpg 2560w, https:\/\/www.phenix-aviation.com\/wp-content\/uploads\/2026\/02\/763772D9-EBEF-480F-8E73-A7C0A0305E7D-300x238.jpg 300w, https:\/\/www.phenix-aviation.com\/wp-content\/uploads\/2026\/02\/763772D9-EBEF-480F-8E73-A7C0A0305E7D-1024x812.jpg 1024w, https:\/\/www.phenix-aviation.com\/wp-content\/uploads\/2026\/02\/763772D9-EBEF-480F-8E73-A7C0A0305E7D-768x609.jpg 768w, https:\/\/www.phenix-aviation.com\/wp-content\/uploads\/2026\/02\/763772D9-EBEF-480F-8E73-A7C0A0305E7D-1536x1218.jpg 1536w, https:\/\/www.phenix-aviation.com\/wp-content\/uploads\/2026\/02\/763772D9-EBEF-480F-8E73-A7C0A0305E7D-2048x1624.jpg 2048w\" sizes=\"auto, (max-width: 2560px) 100vw, 2560px\" \/><\/a><\/figure>\n\n\n\n<h3 class=\"wp-block-heading has-text-align-center has-white-color has-text-color has-link-color wp-elements-6cb5f119d96ee8d1de593d3fa58954c6\" style=\"margin-top:16px\"><a href=\"https:\/\/vitrine-phenix-staging.aviasurvey.com\/?page_id=134\" data-type=\"page\" data-id=\"134\">Expertise Technique Avion<\/a><\/h3>\n\n\n\n<p class=\"has-text-align-center\"><\/p>\n<\/div>\n\n\n\n<div class=\"wp-block-column is-layout-flow wp-container-core-column-is-layout-6b73ce23 wp-block-column-is-layout-flow\">\n<figure class=\"wp-block-image size-full\"><a href=\"https:\/\/www.phenix-aviation.com\/?page_id=431\"><img loading=\"lazy\" decoding=\"async\" width=\"2560\" height=\"1345\" src=\"https:\/\/vitrine-phenix-staging.aviasurvey.com\/wp-content\/uploads\/2026\/02\/IMG_0109-scaled.jpg\" alt=\"\" class=\"wp-image-58\" style=\"aspect-ratio:1;object-fit:cover\" srcset=\"https:\/\/www.phenix-aviation.com\/wp-content\/uploads\/2026\/02\/IMG_0109-scaled.jpg 2560w, https:\/\/www.phenix-aviation.com\/wp-content\/uploads\/2026\/02\/IMG_0109-300x158.jpg 300w, https:\/\/www.phenix-aviation.com\/wp-content\/uploads\/2026\/02\/IMG_0109-1024x538.jpg 1024w, https:\/\/www.phenix-aviation.com\/wp-content\/uploads\/2026\/02\/IMG_0109-768x403.jpg 768w, https:\/\/www.phenix-aviation.com\/wp-content\/uploads\/2026\/02\/IMG_0109-1536x807.jpg 1536w, https:\/\/www.phenix-aviation.com\/wp-content\/uploads\/2026\/02\/IMG_0109-2048x1076.jpg 2048w\" sizes=\"auto, (max-width: 2560px) 100vw, 2560px\" \/><\/a><\/figure>\n\n\n\n<h3 class=\"wp-block-heading has-text-align-center has-white-color has-text-color has-link-color wp-elements-a0b6f2988b8e38498c8701f2a2140b1a\" style=\"margin-top:16px\">Exploitation <a href=\"https:\/\/vitrine-phenix-staging.aviasurvey.com\/?page_id=431\" data-type=\"page\" data-id=\"431\">NCC<\/a><\/h3>\n\n\n\n<p class=\"has-text-align-center\"><\/p>\n<\/div>\n\n\n\n<div class=\"wp-block-column is-layout-flow wp-container-core-column-is-layout-6b73ce23 wp-block-column-is-layout-flow\">\n<figure class=\"wp-block-image size-full\" style=\"margin-right:0;margin-left:0\"><a href=\"https:\/\/www.phenix-aviation.com\/?page_id=326\"><img loading=\"lazy\" decoding=\"async\" width=\"2048\" height=\"1536\" src=\"https:\/\/vitrine-phenix-staging.aviasurvey.com\/wp-content\/uploads\/2026\/02\/IMG_4120.jpeg\" alt=\"\" class=\"wp-image-59\" style=\"aspect-ratio:1;object-fit:cover\" srcset=\"https:\/\/www.phenix-aviation.com\/wp-content\/uploads\/2026\/02\/IMG_4120.jpeg 2048w, https:\/\/www.phenix-aviation.com\/wp-content\/uploads\/2026\/02\/IMG_4120-300x225.jpeg 300w, https:\/\/www.phenix-aviation.com\/wp-content\/uploads\/2026\/02\/IMG_4120-1024x768.jpeg 1024w, https:\/\/www.phenix-aviation.com\/wp-content\/uploads\/2026\/02\/IMG_4120-768x576.jpeg 768w, https:\/\/www.phenix-aviation.com\/wp-content\/uploads\/2026\/02\/IMG_4120-1536x1152.jpeg 1536w\" sizes=\"auto, (max-width: 2048px) 100vw, 2048px\" \/><\/a><\/figure>\n\n\n\n<h3 class=\"wp-block-heading has-text-align-center has-white-color has-text-color has-link-color wp-elements-67e7b0c6d240f93bcd58cef5187024f3\" style=\"margin-top:16px\"><a href=\"https:\/\/vitrine-phenix-staging.aviasurvey.com\/?page_id=326\" data-type=\"page\" data-id=\"326\">Vols \u00e0 la demande<\/a><\/h3>\n\n\n\n<p class=\"has-text-align-center\"><\/p>\n<\/div>\n<\/div>\n<\/div>\n\n\n\n\n\n\n\n<hr class=\"wp-block-separator has-alpha-channel-opacity is-style-wide\"\/>\n\n\n\n<div class=\"wp-block-columns are-vertically-aligned-center is-layout-flex wp-container-core-columns-is-layout-db40d4c5 wp-block-columns-is-layout-flex\" id=\"aviasurvey\" style=\"margin-top:0;margin-bottom:var(--wp--preset--spacing--50);padding-top:var(--wp--preset--spacing--80);padding-right:0;padding-bottom:var(--wp--preset--spacing--80);padding-left:0\">\n<div class=\"wp-block-column is-vertically-aligned-center is-layout-flow wp-block-column-is-layout-flow\">\n<div class=\"wp-block-group is-content-justification-center is-layout-constrained wp-container-core-group-is-layout-650609f3 wp-block-group-is-layout-constrained\">\n<h2 class=\"wp-block-heading has-text-align-left has-ast-global-color-2-color has-text-color has-link-color wp-elements-26500246e562ea0a6edc5382866ce684\"><strong><a href=\"https:\/\/aviasurvey.com\/\">AviaSurvey ERP<\/a><\/strong><\/h2>\n\n\n\n<p class=\"has-text-align-left has-ast-global-color-2-color has-text-color has-link-color wp-elements-cad612dca79d75ccec0999fb79219037\" style=\"margin-top:var(--wp--preset--spacing--50);margin-bottom:0\"><a href=\"https:\/\/aviasurvey.com\/\">Simplifiez la gestion administrative de votre entreprise<\/a><\/p>\n\n\n\n<p class=\"has-text-align-left has-ast-global-color-2-color has-text-color has-link-color wp-elements-26d52a24fa7cdc7f69da105cc0b0e241\" style=\"margin-top:0;margin-bottom:0\"><a href=\"https:\/\/aviasurvey.com\/\">Consacrez moins de temps aux d\u00e9marches r\u00e9glementaires<\/a><\/p>\n<\/div>\n<\/div>\n\n\n\n<div class=\"wp-block-column is-vertically-aligned-center is-layout-flow wp-block-column-is-layout-flow\">\n<figure class=\"wp-block-image size-full has-custom-border wp-duotone-unset-1\"><a href=\"https:\/\/aviasurvey.com\/\"><img loading=\"lazy\" decoding=\"async\" width=\"1197\" height=\"798\" src=\"https:\/\/vitrine-phenix-staging.aviasurvey.com\/wp-content\/uploads\/2026\/03\/aviasurvey-pres-02-1.png\" alt=\"\" class=\"has-border-color has-white-border-color wp-image-514\" style=\"border-width:15px;border-top-left-radius:10px;border-top-right-radius:10px;border-bottom-left-radius:10px;border-bottom-right-radius:10px;object-fit:cover\" srcset=\"https:\/\/www.phenix-aviation.com\/wp-content\/uploads\/2026\/03\/aviasurvey-pres-02-1.png 1197w, https:\/\/www.phenix-aviation.com\/wp-content\/uploads\/2026\/03\/aviasurvey-pres-02-1-300x200.png 300w, https:\/\/www.phenix-aviation.com\/wp-content\/uploads\/2026\/03\/aviasurvey-pres-02-1-1024x683.png 1024w, https:\/\/www.phenix-aviation.com\/wp-content\/uploads\/2026\/03\/aviasurvey-pres-02-1-768x512.png 768w\" sizes=\"auto, (max-width: 1197px) 100vw, 1197px\" \/><\/a><\/figure>\n<\/div>\n<\/div>\n\n\n\n<hr class=\"wp-block-separator alignwide has-alpha-channel-opacity is-style-wide\"\/>\n\n\n\n<div id=\"about\" class=\"wp-block-group is-horizontal is-content-justification-space-between is-layout-flex wp-container-core-group-is-layout-68e4c1ec wp-block-group-is-layout-flex\" style=\"padding-top:var(--wp--preset--spacing--80);padding-right:0;padding-bottom:var(--wp--preset--spacing--80);padding-left:0\">\n<h2 class=\"wp-block-heading\">Qui sommes-nous ?<\/h2>\n\n\n\n<div class=\"wp-block-columns alignfull is-layout-flex wp-container-core-columns-is-layout-28f84493 wp-block-columns-is-layout-flex\">\n<div class=\"wp-block-column is-content-justification-left is-layout-constrained wp-container-core-column-is-layout-12dd3699 wp-block-column-is-layout-constrained\">\n<div class=\"wp-block-group wp-container-content-0733e5d0 is-layout-flow wp-container-core-group-is-layout-7226e61f wp-block-group-is-layout-flow\" style=\"margin-top:0;margin-bottom:0;padding-top:0;padding-right:0;padding-bottom:0;padding-left:0\">\n<p style=\"margin-top:0;margin-right:0;margin-bottom:0;margin-left:0;padding-top:0;padding-right:0;padding-bottom:0;padding-left:0\">Phenix Aviation, fond\u00e9e en 1998 et bas\u00e9e au prestigieux a\u00e9roport de Paris-Le Bourget, est un acteur reconnu dans la gestion d\u2019avions et l\u2019affr\u00e8tement a\u00e9rien, avec une riche histoire d\u2019excellence dans l\u2019industrie de l\u2019aviation. Notre entreprise s\u2019engage \u00e0 fournir des solutions a\u00e9ronautiques de premier plan \u00e0 des clients du monde entier.<\/p>\n\n\n\n<p><\/p>\n\n\n\n<p style=\"margin-top:0;margin-right:0;margin-bottom:0;margin-left:0;padding-top:0;padding-right:0;padding-bottom:0;padding-left:0\">\u00c0 la t\u00eate de Phenix Aviation se trouve une \u00e9quipe de professionnels hautement qualifi\u00e9s et exp\u00e9riment\u00e9s. Notre \u00e9quipe de direction comprend des experts financiers ayant auparavant occup\u00e9 des postes cl\u00e9s au sein d\u2019entreprises valoris\u00e9es \u00e0 plusieurs milliards de dollars. Nous disposons \u00e9galement d\u2019une solide expertise technique au sein de notre management, notamment des pilotes totalisant plus de 26 000 heures de vol cumul\u00e9es \u00e0 travers le monde. \u00c0 noter que notre directeur g\u00e9n\u00e9ral d\u00e9tient le prestigieux titre de \u00ab Dassault Pilot of the Year \u00bb, ce qui t\u00e9moigne encore davantage de notre engagement envers l\u2019excellence a\u00e9ronautique.<\/p>\n\n\n\n<p><\/p>\n\n\n\n<p class=\"has-text-align-left\" style=\"margin-top:0;margin-right:0;margin-bottom:0;margin-left:0;padding-top:0;padding-right:0;padding-bottom:0;padding-left:0\">Phenix Aviation accompagne fi\u00e8rement certains des clients les plus exigeants du secteur de l\u2019aviation. Parmi eux figurent des entreprises de renomm\u00e9e internationale issues de multiples secteurs. Nous accordons une grande importance \u00e0 leurs besoins sp\u00e9cifiques et veillons \u00e0 offrir un niveau de service exceptionnel, leur permettant d\u2019acc\u00e9der au transport a\u00e9rien de mani\u00e8re fluide, avec une priorit\u00e9 absolue donn\u00e9e \u00e0 la s\u00e9curit\u00e9, \u00e0 l\u2019efficacit\u00e9 et au confort.<\/p>\n<\/div>\n<\/div>\n\n\n\n<div class=\"wp-block-column is-layout-flow wp-block-column-is-layout-flow\" style=\"flex-basis:50%\">\n<style>\n.timeline {\n  position: relative;\n  max-width: 850px;\n  margin: 30px auto;\n  padding: 10px 0;\n  font-family: Arial, sans-serif;\n}\n\n.timeline::before {\n  content: '';\n  position: absolute;\n  left: 50%;\n  width: 2px;\n  height: 100%;\n  background: linear-gradient(to bottom, #3f8cff, #ffffff);\n  transform: translateX(-50%);\n  box-shadow: 0 0 10px rgba(63,140,255,0.4);\n}\n\n.timeline-item {\n  position: relative;\n  width: 50%;\n  padding: 8px 30px;\n  box-sizing: border-box;\n  margin-bottom: 10px;\n}\n\n.timeline-item:nth-child(odd) {\n  left: 0;\n  \/*text-align: right;*\/ \n}\n\n.timeline-item:nth-child(even) {\n  left: 50%;\n}\n\n.timeline-content {\n  background: rgba(255,255,255,0.05);\n  border: 1px solid rgba(63,140,255,0.3);\n  padding: 12px 16px;\n  border-radius: 8px;\n  color: #ffffff;\n  font-size: 13px;\n  box-shadow: 0 0 10px rgba(63,140,255,0.15);\n  transition: 0.2s ease;\n}\n\n.timeline-content:hover {\n  transform: translateY(-2px);\n  box-shadow: 0 0 18px rgba(63,140,255,0.4);\n}\n\n.timeline-date {\n  font-size: 11px;\n  font-weight: 600;\n  color: #6fb3ff;\n  margin-bottom: 4px;\n  letter-spacing: 0.5px;\n}\n\n.timeline-title {\n  font-size: 14px;\n  font-weight: 700;\n  margin-bottom: 4px;\n}\n\n.timeline-text {\n  font-size: 12px;\n  line-height: 1.4;\n  color: #d9ecff;\n}\n\n.timeline-dot {\n  position: absolute;\n  top: 18px;\n  width: 10px;\n  height: 10px;\n  background: #3f8cff;\n  border-radius: 50%;\n  box-shadow: 0 0 8px #3f8cff;\n}\n\n.timeline-item:nth-child(odd) .timeline-dot {\n  right: -5px;\n}\n\n.timeline-item:nth-child(even) .timeline-dot {\n  left: -5px;\n}\n\n\/* Responsive *\/\n@media screen and (max-width: 768px) {\n  .timeline::before {\n    left: 15px;\n  }\n\n  .timeline-item {\n    width: 100%;\n    padding-left: 40px;\n    padding-right: 15px;\n    margin-bottom: 15px;\n  }\n\n  .timeline-item:nth-child(odd),\n  .timeline-item:nth-child(even) {\n    left: 0;\n    text-align: left;\n  }\n\n  .timeline-dot {\n    left: 10px !important;\n  }\n}\n<\/style>\n\n<div class=\"timeline\">\n\n  <div class=\"timeline-item\">\n    <div class=\"timeline-dot\"><\/div>\n    <div class=\"timeline-content\">\n      <div class=\"timeline-date\">1998<\/div>\n      <div class=\"timeline-title\">Transmanche Aviation<\/div>\n      <div class=\"timeline-text\">\n        Vols de transport de passagers et vols ambulance\u00a0:\n<ul>\n<li>2 Beechcraft King Air A100 <\/li>\n<li>1 Beechcraft King Air 200 \n<\/li>\n<li>1 Cessna Citation I<\/li> \n<\/ul>\n      <\/div>\n    <\/div>\n  <\/div>\n\n  <div class=\"timeline-item\">\n    <div class=\"timeline-dot\"><\/div>\n    <div class=\"timeline-content\">\n      <div class=\"timeline-date\">2000<\/div>\n      <div class=\"timeline-title\">Phenix Aviation &#8211; Changement de nom<\/div>\n      <div class=\"timeline-text\">\n<ul>\n        <li>2 Beechcraft King Air A100<\/li>\n        <li>1 Beechcraft King Air 200<\/li>\n<\/ul>\n<\/div>\n    <\/div>\n  <\/div>\n\n  <div class=\"timeline-item\">\n    <div class=\"timeline-dot\"><\/div>\n    <div class=\"timeline-content\">\n      <div class=\"timeline-date\">2015<\/div>\n      <div class=\"timeline-title\">Acquisition par MATMUT<\/div>\n      <div class=\"timeline-text\">\n<ul>\n<li>1 Beechcraft King Air A100<\/li>\n<li>1 Beechcraft King Air 200<\/li>\n<li>Integration de 2 Beechcraft 350<\/li>\n<\/ul>\n<\/div>\n    <\/div>\n  <\/div>\n\n  <div class=\"timeline-item\">\n    <div class=\"timeline-dot\"><\/div>\n    <div class=\"timeline-content\">\n      <div class=\"timeline-date\">2021<\/div>\n      <div class=\"timeline-title\">\nCr\u00e9ation du Syst\u00e8me de Gestion informatis\u00e9 AVIASURVEY\n<\/div>\n      <div class=\"timeline-text\"><\/div>\n    <\/div>\n  <\/div>\n\n  <div class=\"timeline-item\">\n    <div class=\"timeline-dot\"><\/div>\n    <div class=\"timeline-content\">\n      <div class=\"timeline-date\">2021<\/div>\n      <div class=\"timeline-title\">Cr\u00e9ation du d\u00e9partement CAMO<\/div>\n      <div class=\"timeline-text\">\nPrestataire de services CAMO pour\u00a0:\n<ul>\n<li>\nCompagnies a\u00e9riennes,<\/li>\n<li>Grands groupes,<\/li>\n<li>Priv\u00e9s.<\/li>\n\n<\/div>\n    <\/div>\n  <\/div>\n\n  <div class=\"timeline-item\">\n    <div class=\"timeline-dot\"><\/div>\n    <div class=\"timeline-content\">\n      <div class=\"timeline-date\">2023<\/div>\n      <div class=\"timeline-title\">Propri\u00e9t\u00e9 partag\u00e9e avec P\u00e9rou\u00e9 Conseils (Banque priv\u00e9e) <\/div>\n      <div class=\"timeline-text\"><\/div>\n    <\/div>\n  <\/div>\n\n  <div class=\"timeline-item\">\n    <div class=\"timeline-dot\"><\/div>\n    <div class=\"timeline-content\">\n      <div class=\"timeline-date\">2025<\/div>\n      <div class=\"timeline-title\">Gestion d\u2019un Dassault Falcon 7X.<\/div>\n      <div class=\"timeline-text\"><\/div>\n    <\/div>\n  <\/div>\n\n<\/div>\n<\/div>\n<\/div>\n<\/div>\n\n\n\n<div class=\"wp-block-group alignfull has-background is-layout-constrained wp-container-core-group-is-layout-6bbc3aab wp-block-group-is-layout-constrained\" id=\"whyus\" style=\"background:linear-gradient(135deg,rgb(15,23,41) 0%,rgb(0,69,133) 97%);margin-top:0;margin-bottom:0;padding-top:7rem;padding-bottom:7rem\">\n<h2 class=\"wp-block-heading\">Pourquoi Phenix Aviation ?<\/h2>\n\n\n\n<p><\/p>\n\n\n\n<div class=\"wp-block-columns are-vertically-aligned-top is-layout-flex wp-container-core-columns-is-layout-3d339db9 wp-block-columns-is-layout-flex\" style=\"margin-top:50px;padding-bottom:var(--wp--preset--spacing--80)\">\n<div class=\"wp-block-column is-vertically-aligned-top is-layout-flow wp-container-core-column-is-layout-6b73ce23 wp-block-column-is-layout-flow\">\n<figure class=\"wp-block-image aligncenter size-large\"><img decoding=\"async\" src=\"https:\/\/img.icons8.com\/?size=100&amp;id=48353&amp;format=png&amp;color=ffffff\" alt=\"\"\/><\/figure>\n\n\n\n<h3 class=\"wp-block-heading has-text-align-center\" style=\"margin-top:16px\">Expertise d\u00e9di\u00e9e<\/h3>\n\n\n\n<p class=\"has-text-align-center\">Expertise en aviation d\u2019affaire<\/p>\n<\/div>\n\n\n\n<div class=\"wp-block-column is-vertically-aligned-top is-layout-flow wp-container-core-column-is-layout-6b73ce23 wp-block-column-is-layout-flow\">\n<figure class=\"wp-block-image aligncenter size-large\"><img decoding=\"async\" src=\"https:\/\/img.icons8.com\/?size=100&amp;id=30872&amp;format=png&amp;color=ffffff\" alt=\"\"\/><\/figure>\n\n\n\n<h3 class=\"wp-block-heading has-text-align-center\" style=\"margin-top:16px\">Conseil strat\u00e9gique et op\u00e9rationnel<\/h3>\n\n\n\n<p class=\"has-text-align-center\">Approche ind\u00e9pendante et orient\u00e9e r\u00e9sultats<\/p>\n<\/div>\n\n\n\n<div class=\"wp-block-column is-vertically-aligned-top is-layout-flow wp-container-core-column-is-layout-6b73ce23 wp-block-column-is-layout-flow\">\n<figure class=\"wp-block-image aligncenter size-large\"><img decoding=\"async\" src=\"https:\/\/img.icons8.com\/?size=100&amp;id=9672&amp;format=png&amp;color=ffffff\" alt=\"\"\/><\/figure>\n\n\n\n<h3 class=\"wp-block-heading has-text-align-center\" style=\"margin-top:16px\"><strong>Suivi personnalis\u00e9<\/strong><\/h3>\n\n\n\n<p class=\"has-text-align-center\">Un interlocuteur qualifi\u00e9, unique et d\u00e9di\u00e9 disponible 24h\/24, 7j\/7<\/p>\n<\/div>\n\n\n\n<div class=\"wp-block-column is-vertically-aligned-top is-layout-flow wp-container-core-column-is-layout-6b73ce23 wp-block-column-is-layout-flow\">\n<figure class=\"wp-block-image aligncenter size-large\"><img decoding=\"async\" src=\"https:\/\/img.icons8.com\/?size=100&amp;id=24730&amp;format=png&amp;color=ffffff\" alt=\"\"\/><\/figure>\n\n\n\n<h3 class=\"wp-block-heading has-text-align-center\" style=\"margin-top:16px\">Excellence R\u00e9glementaire<\/h3>\n\n\n\n<p class=\"has-text-align-center\">Ma\u00eetrise du cadre r\u00e9glementaire<\/p>\n<\/div>\n<\/div>\n\n\n\n<hr class=\"wp-block-separator has-text-color has-white-color has-alpha-channel-opacity has-white-background-color has-background is-style-wide\"\/>\n\n\n\n<div class=\"wp-block-group alignfull is-layout-constrained wp-container-core-group-is-layout-68f6999d wp-block-group-is-layout-constrained\" id=\"contact\" style=\"margin-top:0;padding-top:var(--wp--preset--spacing--80);padding-bottom:var(--wp--preset--spacing--50)\">\n<h2 class=\"wp-block-heading has-text-align-center has-text-color\" style=\"color:#ffffff\">Un projet, un avion, une question ?<\/h2>\n\n\n\n<div class=\"wp-block-buttons is-content-justification-center is-layout-flex wp-container-core-buttons-is-layout-5f6571c8 wp-block-buttons-is-layout-flex\" style=\"margin-top:var(--wp--preset--spacing--70);margin-bottom:0\">\n<div class=\"wp-block-button is-style-outline is-style-outline--2\"><a class=\"wp-block-button__link has-background has-border-color has-ast-global-color-2-border-color has-text-align-center wp-element-button\" href=\"https:\/\/www.phenix-aviation.com\/?page_id=669\" style=\"border-width:2px;background-color:#ffffff00\">Contactez-nous<\/a><\/div>\n<\/div>\n<\/div>\n<\/div>\n\n\n\n<p><\/p>\n","protected":false},"excerpt":{"rendered":"<p>Nos Services Gestion de la Navigabilit\u00e9 Expertise Technique Avion Exploitation NCC Vols \u00e0 la demande Flight Booking Request \u201cDans un [&hellip;]<\/p>\n","protected":false},"author":1,"featured_media":0,"parent":0,"menu_order":0,"comment_status":"closed","ping_status":"closed","template":"","meta":{"site-sidebar-layout":"no-sidebar","site-content-layout":"plain-container","ast-site-content-layout":"default","site-content-style":"default","site-sidebar-style":"default","ast-global-header-display":"","ast-banner-title-visibility":"","ast-main-header-display":"","ast-hfb-above-header-display":"","ast-hfb-below-header-display":"","ast-hfb-mobile-header-display":"","site-post-title":"disabled","ast-breadcrumbs-content":"","ast-featured-img":"","footer-sml-layout":"","ast-disable-related-posts":"","theme-transparent-header-meta":"enabled","adv-header-id-meta":"","stick-header-meta":"","header-above-stick-meta":"","header-main-stick-meta":"","header-below-stick-meta":"","astra-migrate-meta-layouts":"default","ast-page-background-enabled":"default","ast-page-background-meta":{"desktop":{"background-color":"var(--ast-global-color-5)","background-image":"","background-repeat":"repeat","background-position":"center center","background-size":"auto","background-attachment":"scroll","background-type":"","background-media":"","overlay-type":"","overlay-color":"","overlay-opacity":"","overlay-gradient":""},"tablet":{"background-color":"","background-image":"","background-repeat":"repeat","background-position":"center center","background-size":"auto","background-attachment":"scroll","background-type":"","background-media":"","overlay-type":"","overlay-color":"","overlay-opacity":"","overlay-gradient":""},"mobile":{"background-color":"","background-image":"","background-repeat":"repeat","background-position":"center center","background-size":"auto","background-attachment":"scroll","background-type":"","background-media":"","overlay-type":"","overlay-color":"","overlay-opacity":"","overlay-gradient":""}},"ast-content-background-meta":{"desktop":{"background-color":"var(--ast-global-color-4)","background-image":"","background-repeat":"repeat","background-position":"center center","background-size":"auto","background-attachment":"scroll","background-type":"","background-media":"","overlay-type":"","overlay-color":"","overlay-opacity":"","overlay-gradient":""},"tablet":{"background-color":"var(--ast-global-color-4)","background-image":"","background-repeat":"repeat","background-position":"center center","background-size":"auto","background-attachment":"scroll","background-type":"","background-media":"","overlay-type":"","overlay-color":"","overlay-opacity":"","overlay-gradient":""},"mobile":{"background-color":"var(--ast-global-color-4)","background-image":"","background-repeat":"repeat","background-position":"center center","background-size":"auto","background-attachment":"scroll","background-type":"","background-media":"","overlay-type":"","overlay-color":"","overlay-opacity":"","overlay-gradient":""}},"footnotes":""},"class_list":["post-13","page","type-page","status-publish","hentry"],"_links":{"self":[{"href":"https:\/\/www.phenix-aviation.com\/index.php?rest_route=\/wp\/v2\/pages\/13","targetHints":{"allow":["GET"]}}],"collection":[{"href":"https:\/\/www.phenix-aviation.com\/index.php?rest_route=\/wp\/v2\/pages"}],"about":[{"href":"https:\/\/www.phenix-aviation.com\/index.php?rest_route=\/wp\/v2\/types\/page"}],"author":[{"embeddable":true,"href":"https:\/\/www.phenix-aviation.com\/index.php?rest_route=\/wp\/v2\/users\/1"}],"replies":[{"embeddable":true,"href":"https:\/\/www.phenix-aviation.com\/index.php?rest_route=%2Fwp%2Fv2%2Fcomments&post=13"}],"version-history":[{"count":244,"href":"https:\/\/www.phenix-aviation.com\/index.php?rest_route=\/wp\/v2\/pages\/13\/revisions"}],"predecessor-version":[{"id":1102,"href":"https:\/\/www.phenix-aviation.com\/index.php?rest_route=\/wp\/v2\/pages\/13\/revisions\/1102"}],"wp:attachment":[{"href":"https:\/\/www.phenix-aviation.com\/index.php?rest_route=%2Fwp%2Fv2%2Fmedia&parent=13"}],"curies":[{"name":"wp","href":"https:\/\/api.w.org\/{rel}","templated":true}]}}